{"id":28,"date":"2019-04-12T18:40:18","date_gmt":"2019-04-12T16:40:18","guid":{"rendered":"http:\/\/bdv-rheinland-pfalz.de\/?page_id=28"},"modified":"2020-08-10T14:05:51","modified_gmt":"2020-08-10T12:05:51","slug":"impressum","status":"publish","type":"page","link":"http:\/\/bdv-rheinland-pfalz.de\/?page_id=28","title":{"rendered":"Impressum"},"content":{"rendered":"\n<p>Angaben gem\u00e4\u00df \u00a7 5 TMG<\/p>\n\n\n\n<p>Vorsitzender Tobias Meyer, Im Tiefentahl 12, 67454 Ha\u00dfloch <\/p>\n\n\n\n<p>E-Mail: t.meyer@bdv-rheinland-pfalz.de<\/p>\n\n\n\n<p>Verantwortlicher f\u00fcr den Inhalt nach \u00a7 55 Abs. 2 RStV:<\/p>\n\n\n\n<p>Webmaster Georg Schmalz , Falkenstr. 5, 76829 Landau <\/p>\n\n\n\n<p>E-Mail: g.schmalz[@]bdv-rheinland-pfalz.de <\/p>\n\n\n\n<p><\/p>\n\n\n\n<p>Bei dem Inhalt unserer Internetseiten handelt es sich um urheberrechtlich gesch\u00fctzte Werke. Wir gestatten die \u00dcbernahme von Texten in Datenbest\u00e4nde, die ausschlie\u00dflich f\u00fcr den privaten Gebrauch eines Nutzers bestimmt sind. Die \u00dcbernahme und Nutzung der Daten zu anderen Zwecken bedarf der schriftlichen Zustimmung der Partei.<\/p>\n\n\n\n<p>Haftungshinweis: Im Rahmen unseres Dienstens werden auch Links zu Internetinhalten anderer Anbieter bereitgestellt. Auf den Inhalt dieser Seiten haben wir keinen Einfluss; f\u00fcr den Inhalt ist ausschlie\u00dflich der Betreiber der anderen Webseite verantwortlich. Trotz der \u00dcberpr\u00fcfung der Inhalte im gesetzlichen gebotenen Rahmen m\u00fcssen wir daher jede Verantwortung f\u00fcr den Inhalt dieser Links bzw. der verlinkten Seite ablehnen. <\/p>\n","protected":false},"excerpt":{"rendered":"<p>Angaben gem\u00e4\u00df \u00a7 5 TMG Vorsitzender Tobias Meyer, Im Tiefentahl 12, 67454 Ha\u00dfloch E-Mail: t.meyer@bdv-rheinland-pfalz.de Verantwortlicher f\u00fcr den Inhalt nach \u00a7 55 Abs. 2 RStV: Webmaster Georg Schmalz , Falkenstr. 5, 76829 Landau E-Mail: g.schmalz[@]bdv-rheinland-pfalz.de Bei dem Inhalt unserer Internetseiten handelt es sich um urheberrechtlich gesch\u00fctzte Werke. Wir gestatten die \u00dcbernahme von Texten in Datenbest\u00e4nde, &hellip; <a href=\"http:\/\/bdv-rheinland-pfalz.de\/?page_id=28\">Weiterlesen <span class=\"meta-nav\">&rarr;<\/span><\/a><\/p>\n","protected":false},"author":1,"featured_media":0,"parent":0,"menu_order":0,"comment_status":"closed","ping_status":"closed","template":"","meta":[],"_links":{"self":[{"href":"http:\/\/bdv-rheinland-pfalz.de\/index.php?rest_route=\/wp\/v2\/pages\/28"}],"collection":[{"href":"http:\/\/bdv-rheinland-pfalz.de\/index.php?rest_route=\/wp\/v2\/pages"}],"about":[{"href":"http:\/\/bdv-rheinland-pfalz.de\/index.php?rest_route=\/wp\/v2\/types\/page"}],"author":[{"embeddable":true,"href":"http:\/\/bdv-rheinland-pfalz.de\/index.php?rest_route=\/wp\/v2\/users\/1"}],"replies":[{"embeddable":true,"href":"http:\/\/bdv-rheinland-pfalz.de\/index.php?rest_route=%2Fwp%2Fv2%2Fcomments&post=28"}],"version-history":[{"count":6,"href":"http:\/\/bdv-rheinland-pfalz.de\/index.php?rest_route=\/wp\/v2\/pages\/28\/revisions"}],"predecessor-version":[{"id":174,"href":"http:\/\/bdv-rheinland-pfalz.de\/index.php?rest_route=\/wp\/v2\/pages\/28\/revisions\/174"}],"wp:attachment":[{"href":"http:\/\/bdv-rheinland-pfalz.de\/index.php?rest_route=%2Fwp%2Fv2%2Fmedia&parent=28"}],"curies":[{"name":"wp","href":"https:\/\/api.w.org\/{rel}","templated":true}]}}