{"id":31,"date":"2019-04-12T18:41:28","date_gmt":"2019-04-12T16:41:28","guid":{"rendered":"http:\/\/bdv-rheinland-pfalz.de\/?page_id=31"},"modified":"2020-09-16T18:58:12","modified_gmt":"2020-09-16T16:58:12","slug":"veranstaltungen","status":"publish","type":"page","link":"http:\/\/bdv-rheinland-pfalz.de\/?page_id=31","title":{"rendered":"Veranstaltungen"},"content":{"rendered":"\n<h1> <br>Tag der Heimat 2019<\/h1>\n\n\n\n<h2><\/h2>\n\n\n\n<ul><li> am 01.September 2019  in Ha\u00dfloch<\/li><\/ul>\n\n\n\n<p>\n\nIm Kulturviereck Ha\u00dfloch, Gillergasse 14, 67454 Ha\u00dfloch <\/p>\n\n\n\n<p> Um 10 Uhr gibt es einen Sektempfang, gegen 10:30 Uhr beginnt die eigentliche Veranstaltung.<\/p>\n\n\n\n<p> Programm:<\/p>\n\n\n\n<p> Gru\u00dfworte<br> &#8211;  Ansprache des Landesvorsitzenden des Bundes der Vertriebenen Rheinland-Pfalz, Herrn Beigeordneter Tobias Meyer<br> &#8211;  Ansprache des Botschafters der Republik Ungarn in Deutschland, S.E. Herr Botschafter Dr. P\u00e9ter Gy\u00f6rk\u00f6s<br> &#8211;  Ansprache des Ministerpr\u00e4sidenten der L\u00e4nder Rheinland-Pfalz und Th\u00fcringen a.D., Herrn Prof. Dr. Bernhard Vogel <\/p>\n\n\n\n<p> Zwischen den Rednern gibt es musikalische und t\u00e4nzerische Darbietungen verschiedener Gruppierungen.<\/p>\n\n\n\n<p> Im Anschluss besteht die M\u00f6glichkeit vor Ort ein Mittagessen einzunehmen. Wir kochen Kammbraten mit Paprika-Tomatensauce und Pommes. F\u00fcr k\u00fchle Getr\u00e4nke ist nat\u00fcrlich ebenfalls gesorgt.<\/p>\n\n\n\n<p> F\u00fcr das Essen ist eine Anmeldung zwingend erforderlich. Per E-Mail vorstand@donaudeutsche-hassloch.de\n\n<\/p>\n","protected":false},"excerpt":{"rendered":"<p>Tag der Heimat 2019 am 01.September 2019 in Ha\u00dfloch Im Kulturviereck Ha\u00dfloch, Gillergasse 14, 67454 Ha\u00dfloch Um 10 Uhr gibt es einen Sektempfang, gegen 10:30 Uhr beginnt die eigentliche Veranstaltung. Programm: Gru\u00dfworte &#8211; Ansprache des Landesvorsitzenden des Bundes der Vertriebenen Rheinland-Pfalz, Herrn Beigeordneter Tobias Meyer &#8211; Ansprache des Botschafters der Republik Ungarn in Deutschland, S.E. &hellip; <a href=\"http:\/\/bdv-rheinland-pfalz.de\/?page_id=31\">Weiterlesen <span class=\"meta-nav\">&rarr;<\/span><\/a><\/p>\n","protected":false},"author":1,"featured_media":182,"parent":0,"menu_order":0,"comment_status":"closed","ping_status":"closed","template":"","meta":[],"_links":{"self":[{"href":"http:\/\/bdv-rheinland-pfalz.de\/index.php?rest_route=\/wp\/v2\/pages\/31"}],"collection":[{"href":"http:\/\/bdv-rheinland-pfalz.de\/index.php?rest_route=\/wp\/v2\/pages"}],"about":[{"href":"http:\/\/bdv-rheinland-pfalz.de\/index.php?rest_route=\/wp\/v2\/types\/page"}],"author":[{"embeddable":true,"href":"http:\/\/bdv-rheinland-pfalz.de\/index.php?rest_route=\/wp\/v2\/users\/1"}],"replies":[{"embeddable":true,"href":"http:\/\/bdv-rheinland-pfalz.de\/index.php?rest_route=%2Fwp%2Fv2%2Fcomments&post=31"}],"version-history":[{"count":4,"href":"http:\/\/bdv-rheinland-pfalz.de\/index.php?rest_route=\/wp\/v2\/pages\/31\/revisions"}],"predecessor-version":[{"id":187,"href":"http:\/\/bdv-rheinland-pfalz.de\/index.php?rest_route=\/wp\/v2\/pages\/31\/revisions\/187"}],"wp:featuredmedia":[{"embeddable":true,"href":"http:\/\/bdv-rheinland-pfalz.de\/index.php?rest_route=\/wp\/v2\/media\/182"}],"wp:attachment":[{"href":"http:\/\/bdv-rheinland-pfalz.de\/index.php?rest_route=%2Fwp%2Fv2%2Fmedia&parent=31"}],"curies":[{"name":"wp","href":"https:\/\/api.w.org\/{rel}","templated":true}]}}